7
Let y(a) = a**3 - 21*a**2 + 53*a + 40. Let v be y(18). Calculate the highest common factor of v and 1122.
22
Let t = 218 - 42. Let w = 6425 + -6414. Calculate the greatest common divisor of t and w.
11
Let y(v) = -4*v**2 - 38 - 43 - 7*v + 36*v**3 - 68*v**3 + 33*v**3. Let t be y(7). Calculate the greatest common factor of t and 748.
17
Suppose 3*h = 3*s + 156, -2*h - 3*s - 56 = -3*h. Let u = h + -56. Let a be 2 + u + (95 - 5 - 5). Calculate the greatest common factor of a and 9.
9
Suppose 45*d - 46*d + 5 = -3*r, -10 = -2*d - 4*r. Let t = 8 - 7. Calculate the greatest common factor of t and d.
1
Let y(i) = 5*i**3 - 589*i**2 - 119*i + 340. Let d be y(118). What is the greatest common divisor of d and 11026?
74
Suppose -i + 1 + 1 = 0. Suppose -i*n = -3*s - 1 - 10, 2*n + 4*s = 32. Let b be 562/8 - 3/12. What is the highest common factor of b and n?
10
Suppose 20*n - 3465 = -25*n. What is the greatest common divisor of 11 and n?
11
Let i = 334 + -843. Let c = i + 515. Calculate the greatest common factor of 150 and c.
6
Let i(z) = -204*z - 80. Let g be i(-1). What is the greatest common divisor of 4588 and g?
124
Let h = 8391 - 5814. Calculate the highest common divisor of 3 and h.
3
Let m = 686 + -354. Calculate the highest common divisor of 32 and m.
4
Suppose 5*a - 16*m - 77 = -17*m, -a - 2*m + 1 = 0. Let s(g) = g**3 + 10*g**2 - 11*g + 5. Let x be s(-8). What is the highest common divisor of a and x?
17
Let c = 7383 - -1770. Calculate the highest common divisor of c and 162.
81
Let f(j) = 4*j**3 - 14*j. Let y be f(5). Let s = 438 - y. What is the highest common factor of 296 and s?
8
Suppose -17*t = -4*s - 16*t + 18790, 4704 = s + 3*t. What is the greatest common divisor of s and 162?
162
Let z(r) = 9*r + 222. Let y be z(-9). Calculate the greatest common factor of y and 33.
3
Suppose 29*m = -336 + 104. Let v be (-2)/m - (-4)/(176/6721). Calculate the highest common factor of 17 and v.
17
Let p = 12522 + -12506. Let t be (-2)/8 + (-353)/(-4). What is the highest common divisor of p and t?
8
Let v = 2816 + -508. Calculate the highest common factor of v and 4.
4
Let i(s) = 3*s - 29. Let j be i(14). Let f = 7 - 4. Suppose 5*m - 591 = -f*y + y, y = m - 114. What is the greatest common divisor of j and m?
13
Suppose v - 180 = 18*k - 21*k, -2*v = k - 335. Suppose 80*g - v = 77*g. Calculate the highest common factor of 22 and g.
11
Let g(d) = -14*d**3 - d**2 - 4*d - 2. Let i be g(-2). Suppose -i = 4*v + 246. Let a = -72 - v. Calculate the greatest common factor of 6 and a.
6
Suppose 5*x = 2*x + 177. Let w = -56 + x. Suppose 3*i = 3*g + 804 - 186, 642 = w*i + 5*g. What is the greatest common factor of 19 and i?
19
Let d be 2/5 - (-43)/5. Let g be (648/180)/(2 + (-27)/15). What is the highest common divisor of g and d?
9
Let l = -100 - -111. Suppose -791 - 5809 = -l*i. Suppose 0 = 3*d - 15*d + i. What is the highest common factor of d and 40?
10
Let z(d) = -d**2 + 56*d + 88. Let v be z(48). Let g = v + -441. Calculate the highest common factor of 217 and g.
31
Suppose 104*a - 2591 - 1361 = 0. What is the highest common factor of 3990 and a?
38
Let p(i) = i**3 - 4*i - 33. Let z be p(0). Let d(o) = -2*o**2 - 74*o - 76. Let r be d(z). Calculate the greatest common divisor of 470 and r.
94
Let g(l) = -l**2 + 5*l + 32. Let i be g(8). Suppose 0 = -i*r + 274 + 246. Calculate the highest common factor of r and 325.
65
Let c(q) = 2*q**2 + 45 - 29*q + 45 + 32*q. Let b be c(-11). Calculate the highest common factor of b and 46.
23
Suppose 362*q - 366*q = -3*f + 22456, 0 = -3*f - 4*q + 22400. What is the greatest common divisor of 84 and f?
84
Let z = 18784 - 18778. What is the highest common factor of 1072 and z?
2
Let v be (1 - -617)/1 - (-15 + 23). What is the greatest common divisor of 370 and v?
10
Let z be 70/(-420) - (-93)/(-36)*-2. Calculate the greatest common factor of z and 3695.
5
Suppose 0 = -5*n + 2*j + 596, 56 = 5*j + 46. Calculate the highest common divisor of n and 1380.
60
Suppose 2*u + 724 = 3*h + 69, -3*h + 640 = u. Let z = h + -180. Calculate the greatest common divisor of z and 15.
5
Let c be (-38)/494 - 1290/(-39). Calculate the greatest common divisor of c and 2409.
33
Let k(w) = -w**2 - 75*w - 935. Let j be k(-22). What is the greatest common factor of 168 and j?
21
Suppose -5*q = -10, 10*a - 5*a - 4*q = 1612. What is the greatest common factor of 36 and a?
36
Let l be (0 - -1)/(2/24). Let h = 23864 + -23810. What is the highest common factor of l and h?
6
Let s be -230*((-294)/(-60) - 5). What is the greatest common divisor of 15065 and s?
23
Let f(c) = -3*c - 22. Let a be f(-10). Suppose 5*t + a = 3*t, 5*y = 4*t + 21. Let z = y + 5. What is the highest common divisor of z and 6?
6
Suppose 6*n = 3*n. Let h = n + 56. Suppose 34 = 3*y - h. What is the highest common factor of y and 15?
15
Suppose 6*y - 6 = 6. Suppose 0 = 2*r - 8, 4*q - 44 = -r. Suppose 20 = y*u + q. What is the highest common divisor of 20 and u?
5
Let s be -1*((-578)/1 + -7). Suppose 42*r - 1929 + s = 0. What is the highest common factor of 544 and r?
32
Let o = 306 - 143. Suppose 10680 = -o*z + 171*z. Calculate the highest common factor of 15 and z.
15
Let w(t) = -3*t**2 + 59 - 15*t + 54 - 28 + 2*t**2. Let l be w(-19). What is the highest common divisor of 3 and l?
3
Suppose 3*x - 95 = 88. Suppose 4*b - 5*b + x = 5*s, -4 = -4*b. Let o be 6/(26/s + -2). What is the highest common factor of o and 9?
9
Let s be (549/(-15))/(-29 + 3620/125). What is the greatest common factor of s and 30?
15
Suppose 0 = 14*b - 19*b + 200. Suppose -2 + 23 = 3*c. Let n = 15 - c. Calculate the greatest common divisor of b and n.
8
Let p(s) be the first derivative of s**4/4 - s**2/2 - 3*s + 1. Let j be p(3). Let n be 10/6*(-105)/(-7) + -4. Calculate the highest common factor of j and n.
21
Suppose -13*c + 563 = -776. Let y = -101 + c. Suppose -y*w + 11 + 17 = 0. Calculate the highest common factor of w and 266.
14
Let k(p) = -89*p + 5. Let j be k(-2). Let b = -79 + j. Suppose 0*v - b = -4*d - 4*v, -5*d = 4*v - 135. Calculate the greatest common divisor of 341 and d.
31
Let r be (-2)/21*-3 - 67152/(-168). Suppose 17*f - r = -8*f. Let t be (18/(-7))/(21/(-196)). What is the greatest common factor of t and f?
8
Let g = -6748 - -7223. What is the highest common factor of 1075 and g?
25
Let n be (-7)/14 - 27/(-6). Suppose 2*j - x = 9, -n*j + x + 7 = -6. Calculate the greatest common divisor of j and 19.
1
Let r(m) = -m**3 + 62*m**2 - 51*m - 511. Let x be r(61). Calculate the highest common factor of x and 360.
9
Suppose 2*c = -4*i + 1030, -23*i - 1555 = -3*c - 27*i. Let p = -189 + c. Calculate the greatest common factor of p and 16.
16
Let w = -7596 + 7604. Calculate the highest common factor of w and 2560.
8
Suppose -2*f + 5700 = 3*j, -39*j + 4*f - 3*f + 74019 = 0. Calculate the greatest common factor of j and 598.
26
Let z(l) = -6450*l + 90. Let j be z(-1). What is the greatest common factor of j and 60?
60
Let r = -4955 - -2601. Let y be (-4)/1 + (-21)/(231/r). Suppose -131 = -4*s - 11. What is the greatest common divisor of y and s?
30
Let l be (1 + -2)*(-9 + 5). Suppose -2039*r - 15 = -2042*r. Suppose 49 = 4*h - r*d, 3*h + 4*d = -h + l. Calculate the greatest common divisor of h and 18.
6
Let u(i) = 92*i + 1167. Let q be u(-12). Calculate the greatest common divisor of 603 and q.
9
Let c(v) = -v**2 + 39*v + 294. Let l be c(25). What is the greatest common divisor of 56 and l?
28
Let v(g) = 161*g. Let m be v(-1). Let u = m - -241. Suppose 6*a - 7*a = -16. Calculate the greatest common factor of u and a.
16
Let h(s) = 3*s**2 - 41*s - 292. Let p be h(19). Let n = -17 + 9. Let u(o) = o**2 + 6*o - 4. Let a be u(n). Calculate the greatest common divisor of a and p.
12
Let b be 46 + 0 - (-2 + -6). Calculate the highest common factor of 594 and b.
54
Let f be ((-12)/30)/(-6*(-2)/(-1260)). Calculate the highest common factor of f and 868.
14
Let f(q) = 5*q + 43. Suppose -32*z - 183 - 9 = 0. Let b be f(z). What is the highest common divisor of 312 and b?
13
Suppose -5*f - 9*z + 12*z + 1780 = 0, 1790 = 5*f - 5*z. Let w = -258 + f. Calculate the greatest common divisor of w and 20.
5
Let b(v) = 71*v - 7. Let q be b(-5). Let i = 400 + q. What is the highest common factor of i and 494?
38
Let w be ((-170)/